 0 = -4*b - 3*m + f. Calculate the remainder when b is divided by 2/6 + 20/3.
0
Suppose -q + 5*l = -406, 2*l = -q + 452 - 67. Calculate the remainder when q is divided by 127.
10
Suppose 8 = -12*r + 14*r. Suppose 3*y = -z + 9, 16 - 4 = r*y + z. Suppose y*d - 19 - 113 = 0. What is the remainder when d is divided by 12?
8
Let x = -420 + 419. What is the remainder when 327 is divided by (0 + (3 - x))/((-8)/(-20))?
7
Suppose 10*b = 7*o + 5*b - 659, 4*o + 3*b = 359. What is the remainder when 4414 is divided by o?
90
What is the remainder when 556780/1505 - 6/(-129) is divided by 12?
10
Suppose 0 = -0*q - 3*q - 15. Let s(x) = 11*x**2 - 5*x. Let j be s(q). What is the remainder when 38 is divided by (j/(-45))/(2/(-3))?
8
Let g = 8 - -160. Calculate the remainder when g is divided by (356/10 - 2) + -39*(-156)/15210.
32
Let f = -194 + 200. What is the remainder when 52*f*(45/(-10))/(-9) is divided by 28?
16
Suppose -4*y + 1360 = 5*d, 0 = d - 4*y - 2 - 270. What is the remainder when d is divided by 47?
37
Suppose 27*a - 65*a = -418. Suppose a*o = 2828 - 694. What is the remainder when o is divided by 22?
18
Suppose -n + 0*n + 9 = 0. Let g(m) = -m**3 - 23*m**2 + 25*m + 17. Let w be g(-24). What is the remainder when n is divided by 1/(1/(-3) - w/12)?
1
Suppose -27*f + 47*f + 40 = 0. Calculate the remainder when 444*f/(-4)*(-34)/(-51) is divided by 77.
71
What is the remainder when 240 is divided by (-13)/65 + ((-1866)/(-10))/3?
54
Suppose 4*n - 138 = -5*j, 3*j = -3*n + 90 - 9. Suppose 3*q - 86 = -2*v, -5*q + 3*v = -j - 107. Calculate the remainder when 1/18 + 19390/756*3 is divided by q.
21
Let y(u) = 2*u**3 - 5*u**2 + u - 2. Suppose -190 - 209 = -7*g. What is the remainder when y(5) is divided by g?
14
Let u = -107 + 169. Suppose 4*n + 348 = 2*d, 584 - u = 3*d - 2*n. Calculate the remainder when d is divided by 35.
34
Let x = 20 - -4. Suppose -x*p = -22*p - 492. What is the remainder when p is divided by 83?
80
Let c(r) = r - 4. Let v be c(3). Let s(a) = -a**2 + 4*a + 4. Let j be s(5). What is the remainder when 2 - j - (-5 - (1 + v)) is divided by 3?
2
Let d be 658/10 + -1*(-3)/15. Suppose 3*v - 6 = -2*f + d, 3*v = 4*f + 54. Calculate the remainder when 85 is divided by v.
19
Suppose -199*d + 1225 = -150*d. What is the remainder when 404 is divided by d?
4
Suppose -6616 = -35*j - 17*j - 220. Calculate the remainder when j is divided by 115.
8
Let c be (1/(-1))/(3/(-882)*-3). Suppose 4*v + 468 = 4*f, -3*v + 2*f - 327 = 7*f. Let y = c - v. Calculate the remainder when 175 is divided by y.
15
Suppose -11*k - 238 = -15*k + 3*i, -184 = -3*k + 5*i. Let j = 5 + 5. What is the remainder when k is divided by j?
8
Let i be -1*(-7 - (-2 + -2)). Suppose -38 = -i*l + 304. Calculate the remainder when l is divided by 9.
6
Let f(u) = 7*u**2 - 67*u - 25. Calculate the remainder when f(-11) is divided by 78.
77
Suppose -3*d - 1335 = -w, 42 = -2*d + 44. What is the remainder when w is divided by 17?
12
Let x = 19535 + -17704. Calculate the remainder when x is divided by 166.
5
Let s(y) = 2219*y + 648. Calculate the remainder when s(1) is divided by 9.
5
Let s(r) = 3*r**2 + 11*r - 40. Suppose -4 = -2*d, -5*d = 4*j - 8*d - 14. What is the remainder when 629 is divided by s(j)?
89
What is the remainder when 84612/814 + 11/((-407)/(-2)) is divided by (-1)/(-2*2/132)?
5
Suppose -17 = -5*k - 2. Suppose -4*r - v + 88 = -5*r, -2*v + 440 = -5*r. Let m = -85 - r. What is the remainder when k is divided by m?
0
Let a = 8 + -4. Let i = -843 - -1119. Let p = 280 - i. Calculate the remainder when a is divided by p.
0
Suppose 121*h + 557220 = 181*h. What is the remainder when h is divided by 86?
85
Suppose -5*q + 679 - 179 = 0. Let z = q - 49. Suppose 33 = 4*a - z. Calculate the remainder when 125 is divided by a.
20
Let p = -4736 + 5132. Calculate the remainder when p is divided by (-6)/(-4)*14/1.
18
Suppose -5*x - b - 66 = 0, 7*b = -x + 4*b - 2. Let r be (-564)/x - 22/77. Let j = 64 - r. Calculate the remainder when 92 is divided by j.
20
Let c(w) = -26*w + 115*w - 12*w - 24 - 3*w. Let f be c(6). Suppose -9*n + f = n. Calculate the remainder when 82 is divided by n.
40
Suppose -10 - 5 = -3*m. Suppose -m*f + 8*f = -3*z + 72, -3*z = 12. What is the remainder when (-669)/(-4) - 3/12 is divided by f?
27
Suppose 3787 + 929 = 26*r + 998. Calculate the remainder when 998 is divided by r.
140
Suppose -9 = 3*b + 5*l + 6, 2*b = l - 10. Let p be 456 + ((-4)/(-5))/(1/b). What is the remainder when -2 + p/10 + 1/(-5) is divided by 24?
19
What is the remainder when 489 is divided by ((-54)/(-4) - 9/3)/((-9)/(-198))?
27
Suppose 113*x - 67100 = -9*x. What is the remainder when x is divided by 61?
1
Suppose 10 + 0 = 2*a, -3*a + 610 = 5*u. Suppose 0 = 5*q - 2*y - 102, -2*q - y + 3*y = -42. What is the remainder when u is divided by q?
19
Suppose r - 752 = -o, 2*r - 3*r + 740 = 3*o. What is the remainder when r is divided by 198?
164
Let g(a) = a**2 - 37*a - 254. What is the remainder when 20 is divided by g(43)?
0
What is the remainder when 585 is divided by 27 + (-17780)/(-196) + -2*3/(-21)?
113
Suppose 4*o = -4, 3*g + 258*o - 253*o - 10042 = 0. Calculate the remainder when g is divided by 25.
24
Let s = 548 - 464. Calculate the remainder when 2098 is divided by s.
82
Suppose -b + 7 = -4*s - 4, 4*b - 10 = -s. Suppose b = n - 12. Let l = -68 - -157. What is the remainder when l is divided by n?
14
Let v(z) = -17*z**3 - z**2 - 18*z - 19. Calculate the remainder when 7184 is divided by v(-1).
14
Suppose -3*s - s = 0. Suppose 0 = -s*d - d + 21. Calculate the remainder when (-20 + (-306)/85)*5/(-2) is divided by d.
17
Suppose 2*p - 133*o = -137*o + 1080, -2*p = 6*o - 1070. What is the remainder when p is divided by 14?
4
Let x(s) = 144*s**2 + 44*s + 17. Calculate the remainder when x(-3) is divided by 79.
75
Suppose 4*z - 59 - 53 = 0. Calculate the remainder when z is divided by (8 - 1)*(-12)/(-14).
4
Suppose -67*r + 268 + 2974 = -7679. What is the remainder when r is divided by 15?
13
Let m(d) = 10 + 18*d + 4*d + 4*d + 21 - 49. Calculate the remainder when 203 is divided by m(2).
33
Let s(u) = 2*u**2 + 55*u + 774. Calculate the remainder when s(-26) is divided by 20.
16
Suppose 938 = 207*k - 193*k. What is the remainder when 1001 is divided by k?
63
Let m(v) = 3587*v - 116 - 3598*v + 29. Calculate the remainder when 32 is divided by m(-10).
9
Let a = -4443 + 4452. Calculate the remainder when 1942 is divided by a.
7
Let m(h) = -53*h**3 - 22*h**2 + 7*h + 9. What is the remainder when 481 is divided by m(-2)?
150
Let w be 11 - (-9 + 16/2). Suppose 15*y = -w*y + 4347. What is the remainder when y is divided by 11?
7
Suppose -5*t - 40*b = -39*b - 249, t - 75 = 4*b. What is the remainder when 664 is divided by t?
1
Suppose 17*z = 13*z - 8, 4*w + 4*z = 244. Suppose -i = 3*j - 8, 0 = 2*i + 3*j - 28 - 3. What is the remainder when w is divided by i?
17
Suppose 3*c - 4*c + 11 = -x, 3*c + 5*x - 49 = 0. Calculate the remainder when -13 + 1834/140 - 4895/(-50) is divided by c.
7
Calculate the remainder when 56/7 + 23 - 3 is divided by (-4)/(20/(-45)) + 7.
12
Suppose -5128 - 29 = -4*o - 5*y, -3*o - 4*y + 3868 = 0. What is the remainder when o is divided by 38?
34
Let o = 4055 - 3927. What is the remainder when 3071 is divided by o?
127
Let r(w) = -w**3 - 2*w**2 + 14*w + 9. Let j be r(-5). Suppose j*g - 534 - 824 = 0. Let y(c) = -c + 2. What is the remainder when g is divided by y(-12)?
13
Let z(c) = c**3 + 2*c + 16. Let m(v) be the first derivative of -v**2/2 + 15*v - 14. Let w be m(15). What is the remainder when 45 is divided by z(w)?
13
Suppose 0 = -o - 3*t + 5, -4*t + 81 - 61 = 2*o. Suppose -4*h = o - 96. Calculate the remainder when h is divided by 6.
1
Suppose -9*b + 6*b + 207 = 0. Let y = b + 419. What is the remainder when y is divided by 35?
33
Let x(g) = -g**3 - 12*g**2 + 13*g - 13. Let q be x(-9). Let y = q + 376. Let f(l) = -3*l + 4. What is the remainder when f(-3) is divided by y?
1
What is the remainder when 1692 is divided by 164 - 50*12/60?
152
Suppose 17*r - 13*r = 4*v + 928, 5*v = r - 240. What is the remainder when r is divided by 3?
2
What is the remainder when 2/34 + 246*2037/2142 is divided by 216?
18
Let w = -1420 - -14497. Calculate the remainder when w is divided by 109.
106
Calculat